(4 + -1 + -1)
1
-4 - (2 - (-1 + 5))
-2
What is -4 - (-10 + 11 - (0 - -3))?
-2
Calculate (-1 + 6 + -1 - 0) + -5.
-1
What is -2 - (2 - -1 - 5) - -4?
4
Calculate 0 - (6 + -6 - 1).
1
(-1 - 0) + (1 - 1)
-1
What is the value of 2 + (3 - (8 - 3))?
0
What is the value of -4 + (-2 + 3 - 2)?
-5
Evaluate -7 + (7 + -2 - (3 - 0)).
-5
Calculate (4 - 0) + 0 + (1 - 13).
-8
What is -4 + -3 + 1 + -3 - -4?
-5
4 + -9 + 3 + (3 - 1)
0
Evaluate 18 + -20 - (-1 + 2).
-3
What is -3 + (-6 - -13) + -1?
3
Calculate -5 - -2 - (0 + -3).
0
What is the value of -4 + -3 + -2 - -14?
5
What is the value of (3 + -2 - (6 + -8)) + 2?
5
Evaluate (5 - (7 - 3 - -6)) + -1.
-6
What is the value of -2 + (4 - 6) + 3 - -6?
5
7 + -6 - (-3 + 0 + 3)
1
What is -6 - (-12 - (-3 + (-1 - 3)))?
-1
Evaluate 8 - (-9 + 0 - -18).
-1
What is (-1 - 1 - (-1 - 4)) + -8?
-5
Calculate 3 + 1 + (-1 - (5 - 2)).
0
What is the value of (0 + 4 - 8) + 5?
1
What is the value of 1 + -1 - (12 - (4 + 9))?
1
Calculate (2 - (5 - 5)) + 3.
5
Evaluate 3 + 1 + 3 + -3 + -4.
0
What is the value of -5 + 9 - (7 - 2)?
-1
(-7 - -9) + (-2 - (2 - 5))
3
What is -3 + -4 + -2 + 10 + -6?
-5
What is the value of (4 - 11) + 1 - -9?
3
Evaluate 4 + (5 - 16) + 4 - -6.
3
Calculate -1 - (-3 + (-1 - -2)) - 3.
-2
Evaluate 8 + (72 - 82) + (0 - -1).
-1
What is 9 + -3 + 1 + -14?
-7
4 + -4 + 0 + (3 - -2)
5
Evaluate 0 + -5 + 4 + 3 - -3.
5
Calculate -3 + -11 + (61 - 51).
-4
0 + 1 + -2 + (-2 - -6)
3
What is the value of 0 + 0 - -4 - (352 - 341)?
-7
What is 18 - 22 - (-2 + -4) - -5?
7
-8 - (4 + -26 + 12)
2
Evaluate 7 + (3 - 9) + 2.
3
Evaluate 0 - (-2 - (-18 - -9)).
-7
Calculate 8 + (-6 - (-9 + 16)).
-5
What is the value of -2 - (-3 + (-3 - -4))?
0
-2 + 10 + -43 + 39
4
4 - 5 - -6 - 10
-5
What is the value of -9 + (3 - -3) + -2 + 2?
-3
0 + (-3 - -13) - 5
5
Calculate 9 + -7 + (2 - 5).
-1
Calculate (-2 - 1) + 2 + 0.
-1
Calculate (-1 - -4 - 1) + -6 + 9.
5
Evaluate 1 + -2 + (5 + -2 - -3).
5
Calculate 5 + -1 + 15 + -15 + -4.
0
Evaluate -11 - (1 - (11 - 3)).
-4
Calculate -8 + (-5 - -7) + 1.
-5
Calculate (11 + -4 - 11) + 4 + 1.
1
(0 - 7) + -4 - -6
-5
What is (0 - 5 - 7) + (9 - 5)?
-8
-6 + 3 - (-2 - -1) - 1
-3
What is -10 - (-2 - 10 - -8)?
-6
Evaluate -6 + 3 - (3 - 6).
0
Calculate 9 + (-2 - 2) - 2.
3
Calculate 9 + -16 + 7 - -1.
1
9 - ((4 - -1) + 6)
-2
Evaluate 13 - (10 - -2) - (7 + 0).
-6
6 - (1 + -2 + 8)
-1
-3 + -1 - (-27 + 28)
-5
Calculate 5 + (-1 - 5 - (-19 - -19)).
-1
Evaluate -4 - 1 - 11 - -13.
-3
13 - (5 - -7 - 5)
6
4 + 1 + -8 - -8
5
What is 8 - (6 + -5 - -1) - 10?
-4
What is -1 - (-4 - (-1 - -3 - 3))?
2
2 - -2 - (9 + -8 + 5)
-2
Calculate 2 + (-3 + 1 - 2).
-2
(-6 - -4) + -1 + -3
-6
What is the value of (-29 - -28) + 0 + -1?
-2
Evaluate 5 + (-3 - -5 - 7 - -1).
1
What is the value of 7 + (0 - -2) + (0 - 7)?
2
What is (0 - -1) + -2 + -27 + 26?
-2
(5 - 4) + -4 + 5
2
What is the value of -12 - -3 - (-11 - -7)?
-5
What is the value of -1 + 6 - (-22 + 31)?
-4
What is the value of (6 + -1 - 7) + -4 + 0?
-6
0 - (-1 + -2 - (21 + -24))
0
Calculate -9 - (3 - (24 - 12)).
0
3 - (-4 - (-3 + -5 - 3))
-4
What is 4 + -2 + 2 + 0?
4
What is the value of -1 - -2 - -3 - (1 + 6)?
-3
What is 16 - (12 - 1) - (0 + 3)?
2
What is the value of (-48 - -41) + 1 + 6?
0
Evaluate (13 - 21) + 17 + 0 + -1.
8
Evaluate (2 - 8) + (-2 - -7).
-1
-4 - (6 + 1 + -4 + -2)
-5
What is -2 + 0 + 0 + -1 - 2?
-5
0 + 1 - (23 - 23)
1
1 + -1 + -4 - 0
-4
1 + -8 + 4 + 7 - 4
0
What is -1 + -1 + 5 + -3 - 5?
-5
What is 5 + -1 + -12 + 17 + -4?
5
What is the value of -5 + (-5 - -12) + -4?
-2
Calculate 3 - (6 + -2 - 0).
-1
What is -2 + 6 + 0 - -1?
5
Evaluate 4 + 3 + 4 + -7 + 3.
7
(2 - 10 - 0) + 4 + 9
5
-2 - (-7 - (7 + (3 - 24)))
-9
What is the value of (-4 - (6 - 5)) + 3 - -1?
-1
What is (7 - -1) + (4 - (9 + -2))?
5
What is the value of (-1 - 6) + (12 - 12)?
-7
(-6 - -7) + (-7 - -2)
-4
What is the value of -2 + (-1 - -5 - (4 + 3))?
-5
What is 13 + (-19 - -9) - -5?
8
Evaluate (1 - -2) + (3 - (4 + 1)).
1
What is the value of -7 + (5 - -2) - -4?
4
What is the value of 2 + 19 + -13 + (0 - 3)?
5
Evaluate (-2 + (-3 - -1) - -3) + -3.
-4
What is the value of 0 + (-3 - -4) - -1?
2
3 - (-10 - -5 - -11)
-3
Calculate -3 + 3 + 7 + -4.
3
-3 + (12 - (5 - -2))
2
Calculate (-12 - -3) + -1 + 16.
6
What is -1 + (5 - (-1 - -3)) - 0?
2
What is the value of -3 + 6 - 3 - (-2 + 5)?
-3
What is the value of (3 - -3) + (4 + -1 - 5)?
4
(3 - 1) + (3 - (-4 + 7))
2
What is the value of -5 + 4 + -7 - -14?
6
What is 2 + (8 - 6 - (2 + -1))?
3
(2 - (-5 - -11)) + (7 - 1)
2
What is -3 - (4 - (-5 - -12))?
0
13 + -17 + 0 + -1 + 1
-4
0 + 1 + (-2 - -1)
0
Evaluate -1 + (1 - (1 + -6)) + -2.
3
Evaluate -4 - -7 - -2 - 5.
0
-12 - (-15 + -1 + -4)
8
Calculate -4 - (-6 - -12 - 15).
5
What is the value of 1 - (-1 + -6 + 0 + 11)?
-3
What is the value of -4 + -1 - (-4 + 3 + -3)?
-1
What is the value of 1 + -5 + -3 + 6?
-1
What is the value of -1 + -1 - (-10 + 6) - 1?
1
-12 + 11 - (1 + 2)
-4
What is 0 + ((7 - 4) + -1 - 3)?
-1
What is -2 + (7 - 2 - 1)?
2
15 - (1 + (1 - 2)) - 7
8
-5 + -4 + 10 + 1
2
What is the value of 2 + 3 + (4 - (13 + -9))?
5
Calculate (10 - 16) + 5 + -2.
-3
What is -1 - ((7 - 3) + -4)?
-1
Calculate -1 - 1 - -3 - 1.
0
Evaluate 4 - -1 - (3 - (10 - 9)).
3
What is (-1 - (-2 + 3)) + -1?
-3
What is -2 + -2 + (7 - -3)?
6
What is the value of 4 + -2 - -1 - (9 + -1)?
-5
What is the value of 12 + (12 - 29 - -3)?
-2
What is the value of 7 + -3 + (-3 - 3) + -3?
-5
What is 0 + (-1 - (-3 + (2 - 0)))?
0
Calculate -7 + (0 - -3) + (-12 - -16).
0
What is the value of -7 + 4 - -7 - -5 - 6?
3
What is 2 - 5 - (-7 - -4) - 5?
-5
Evaluate -1 + -6 + 6 + (-1 - -2).
0
4 + 5 + -16 + 11
4
What is -4 - 0 - (116 + -111)?
-9
Evaluate -3 + (4 - 4 - 4) + 8.
1
Evaluate (-1 - (7 - (7 + -3))) + 0.
-4
What is -5 - (2 + 0) - (-99 + 82)?
10
What is the value of (-3 - -2) + -13 + 6?
-8
Evaluate -7 + 11 + (-1 - 2).
1
Calculate (-3 - (-5 - -6)) + 1 + -5.
-8
What is -10 + 1 + 7 + 6?
4
Calculate (-12 - (6 - 13)) + 0.
-5
What is -1 - (-15 - (-10 - -4))?
8
What is 1 + 10 + (-7 - 4)?
0
Calculate -1 + ((1 - -1) + 0 - 4).
-3
9 - (0 + -1 + (4 - 1))
7
What is 39 - 41 - (-9 + (5 - 2))?
4
What is (-5 - (3 - 3)) + 2 - -2?
-1
3 + 9 + 0 + -7
5
Evaluate 0 + -1 + 3 + -1.
1
-5 - ((10 - 9) + -2 + 0)
-4
What is the value of -16 + 17 - (0 - 1) - -6?
8
2 + (-1 - 3) - (23 + -25)
0
What is (26 - 31) + 6 + -1?
0
2 - (-2 - -2 - -1)
1
(-4 - (-1 - 6)) + -2
1
Evaluate 2 - (2 + -7 - (-1 + -1)).
5
What is 9 - (5 + -12 + 9)?
7
What is -6 + (-4 - (-11 + 4)) - 0?
-3
Calculate (6 - 0 - (-3 - -3)) + -7.
-1
What is 12 - 3 - (0 - (-12 - -7))?
4
Evaluate 9 - (-6 - (10 + -15)).
10
What is (-1 - 1) + (30 - 27)?
1
What is -5 - 1 - -4 - (-3 - -5)?
-4
(8 - 1) + (104 - 101)
10
Evaluate (4 - 4) + -3 + 3.
0
Evaluate -3 + 4 + 0 + -9 + 6.
-2
What is the value of (-1 - -11 - 3) + -12?
-5
Evaluate 12 + -10 - (1 - (4 - -2)).
7
What is the value of 5 + (4 - 5) - 2?
2
What is the value of 4 - -4 - 3 - 4?
1
Calculate -4 + 16 + -11 + 8 + 0.
9
-34 + 24 + (-2 - -3)
-9
What is 15 + -2 + (-20 - 1)?
-8
What is 8 - 0 - (41 - 29) - -3?
-1
What is the value of -4 + (-2 + -1 - (41 - 46))?
-2
Evaluate -15 + 1 + 9 + -5.
-10
What is 6 - 2 - (14 - 16)?
6
What is 0 + -2 + 8 + -10 - -3?
-1
Evaluate -6 + 1 + (5 + -2 - 6).
-8
Calculate -1 + (2 - 4) + 4 - 7.
-6
Evaluate 13 + -2 - (-7 + -8 + 19).
7
Calculate (-9 - -1) + (-80 - -88).
0
6 + -1 + -6 - -6
5
What is the value of 7 + 6 + -7 + (-2 - 2)?
2
Calculate -4 - (-2 - (1 + 0)).
-1
(-9 - (8 + -12)) + (1 - -1)
-3
What is -5 + 6 + -6 + 2?
-3
(4 - 1) + 2 + -7
-2
What is (1 - -1 - -11) + -7?
6
Calculate (-5 - (-11 - -5)) + -6.
-5
-10 + (0 - -2 - -5)
-3
Evaluate 7 - ((4 - 5) + (-4 - -7)).
5
Calculate 0 + -1 + (-3 - -3) + -3.
-4
What is 3 + -2 + 4 + 0?
5
Calculate 3 - (0 + 1) - 5 - -3.
0
Calculate (3 - (8 - 0)) + 11 + 1.
7
-1 - -1 - (58 + -59)
1
Calculate -4 - (-15 - (6 + -16)).
1
What is the value of -4 - (7 + -4 - 4 - -2)?
-5
(3 + (-1 - -1) - 2) + 1
2
Calculate 2 - (1 + -4 + 2) - 4.
-1
Evaluate 3 - 7 - (10 - 16).
2
What is the value of 36 + -31 - (-1 - -6)?
0
Calculate -6 + 17 + -12 - -7.
6
(-16 - -12) + 1 + 0
-3
Evaluate 0 + 1 - (2 + 3).
-4
-2 - (-6 + (5 - -2))
-3
Calculate 0 + 7 + -1 - 6.
0
Calculate (3 + 1 - 7) + (4 - 2).
-1
What is 1 + 18 + (-13 - -3)?
9
-1 + (-10 + 16 - 13)
-8
What is the value of -7 + 6 + -2 